
Suppose -5*u + 2*w - 41 = -144, 2*u + 4*w - 46 = 0. Suppose -u = -o + 25. What is the tens digit of o?
4
Let u(j) = -j**3 + 5*j**2 - 3*j + 4. Suppose -11*z = -5*z - 18. Let r be u(z). Suppose -g + 12 = -r. What is the units digit of g?
5
Let z(d) = 4*d + 54. Suppose -58 = 10*h - 138. What is the tens digit of z(h)?
8
Let v = -7 - -7. Suppose -c = 3*j + 639, v*j + 3*j + 3 = 0. What is the units digit of (4/(-16))/(3/c)?
3
Let f(x) = -x**2 - 12 + 1 - 27*x + 5. What is the hundreds digit of f(-10)?
1
Let t be (24/(-9))/(1/(-3)). Let d = t + 8. What is the units digit of d?
6
Suppose -5*v - b = -3195, -v + 2*b = 4*v - 3210. What is the units digit of v?
0
Let l(s) = -4*s**3 - 2*s**2 - 4*s + 6. Let n be l(2). Let q = 55 + n. What is the tens digit of q?
1
Suppose 2*t + 68 = -15*t. Let j(a) = -23*a + 35. What is the units digit of j(t)?
7
Let v be (90/24)/(6/8). Suppose -2*f = 3*f - 10. Suppose 0 = -3*u + 3*o + 3, -v*u = f*o - 19. What is the units digit of u?
3
Let i be (-55)/(-2) - 4*3/8. Let p(b) = b**3 - 4*b**2 + 2*b - 6. Let h be p(5). Suppose 5*d - i = h. What is the tens digit of d?
1
Let z be ((-59)/(-118))/(0 + (-1)/(-474)). Suppose -z*c + 685 = -232*c. What is the hundreds digit of c?
1
Suppose 2*j - 3 = -4*z + 1, 5*j + 45 = z. Let p(h) = h**3 + 9*h**2 - 2*h - 2. What is the tens digit of p(j)?
7
Let g(h) = -3*h + 6. Let d be g(1). Suppose 113 = i - d*c, -4*i + 5*c + 277 + 140 = 0. What is the units digit of i?
8
Suppose 0 = 3*w + 5*q + 5, 4*w + 10*q - 9*q + 35 = 0. What is the hundreds digit of (-3 + (-576)/30)*w?
2
What is the tens digit of (-12)/(-20) + (-100971)/(-65)?
5
Suppose 10*t + 77853 = -16267. What is the hundreds digit of t/(-39) - 5/((-30)/4)?
2
Let l be (-84)/(-22) + 2/11. Suppose -3*k - 99 = -2*o - 14, l*o + 5*k = 203. What is the units digit of o?
7
Let a = -29 - -185. Let y = a - 90. What is the units digit of y?
6
Let n(q) = 200*q - 780. What is the tens digit of n(21)?
2
Let v be ((-24)/(-15))/((-2)/(-5)). Suppose 0 = 3*f - v*t - 15, -4*t + 11 + 1 = 0. Suppose -10*i + f*i + 3 = 0. What is the units digit of i?
3
Let u(b) = 1 + b**3 + 7*b**2 - 6*b - 1. Let g be u(-5). Suppose -3*x - 3 = 2*t - 62, -4*x = 3*t - g. What is the units digit of x?
7
Suppose 0 = -d - g, 3*d + 0*d + 5*g - 6 = 0. Suppose 0 = 2*f + 3*s - 7, 6*f - f = 5*s - 45. What is the units digit of f/d*21/2?
4
Let s = 1695 - 1054. What is the units digit of s?
1
Let j(i) = 20*i**2 + 3*i - 8. What is the tens digit of j(5)?
0
Suppose 0 = 2*s + 55 - 131. Let a = s + -36. What is the units digit of a?
2
Let u be 30/(-75) - (-3)/(-5). What is the units digit of (u - -4)/((-2)/(-58))?
7
Suppose 2*x + 3*g = -x + 1914, -g = -4*x + 2547. What is the hundreds digit of x?
6
Let a be 0 + 1 + 21 + -3. Suppose 0*f + f + a = 0. Let m = -18 - f. What is the units digit of m?
1
Suppose 0 = 5*p + 3*z - 16575, p + 3*z - 3877 + 550 = 0. Suppose -11*l - 7*l = -p. What is the hundreds digit of l?
1
Let a be (-4)/3*27/18. Let s be 13/(-2)*a/1. Suppose -d - s = 3*i - 67, 225 = 4*d + 3*i. What is the tens digit of d?
5
Let r = -3643 + 6136. What is the thousands digit of r?
2
Suppose -2*i = -4*i + 10. Suppose i*x + 4*t = -45, 4*x - 3*t - 1 + 6 = 0. Let v = -2 - x. What is the units digit of v?
3
Suppose 212*f - 218*f + 3138 = 0. What is the hundreds digit of f?
5
Suppose 9*m - 13*m - 84 = 0. Let a = 5 - m. What is the tens digit of a?
2
Suppose 4*c + w = -0*c + 80, 5*w + 37 = 3*c. Suppose 0 = h + c - 143. What is the units digit of h?
4
Let f be -6 + 3 - -1 - -8. Suppose 0 = -f*b + 17 + 493. What is the tens digit of b?
8
Let u be 14/5 - (-8)/40. Suppose -t = u*t. What is the tens digit of (15 - (t - 2)) + 1?
1
Let c = -240 + 647. What is the hundreds digit of c?
4
Suppose -4*j = -3*v - 334 + 56, j - 60 = -4*v. Suppose 6*r = j + 166. What is the units digit of r?
9
Let d be 7304/32 - 2/8. Suppose h = 3*f - 4*h - d, 2*f + 2*h = 152. Suppose -l + f = 3*l. What is the units digit of l?
9
Let v = 192 + -60. Suppose -2 = 2*a - 8. Suppose -2*x - 4*c = -a*x + 33, 4*x - c = v. What is the units digit of x?
3
Let q(n) = -275*n - 211. What is the tens digit of q(-7)?
1
Let h be (-2 - (0 - 0)) + 2. Let z be (-94)/(-2) + (-8)/(-16)*2. Suppose h = 3*g - g - k - 42, -2*g - 2*k = -z. What is the units digit of g?
2
What is the units digit of 142 - (-5 - -6 - 1)?
2
Let c = -37 - -2457. What is the thousands digit of c?
2
Let k(n) = n**3 - 49*n**2 + 77*n + 144. What is the units digit of k(48)?
6
Let f = 10 + 1. Let n(z) = -6*z + 4*z + 3*z + f. What is the tens digit of n(13)?
2
Suppose -5*v - 262 = -97. What is the tens digit of ((-103)/(-4))/(v/12 - -3)?
0
What is the units digit of 3/(10 - (-19138)/(-1914))?
1
Let j(u) be the third derivative of -u**5/60 - 5*u**4/6 + 29*u**3/3 + 41*u**2. What is the hundreds digit of j(-17)?
1
Let x = 3015 + -1931. What is the hundreds digit of x?
0
Let k(a) be the third derivative of a**5/15 - a**4/12 - a**3 - 19*a**2. Let l = -3 + 1. What is the tens digit of k(l)?
1
Suppose -4*d = -33 - 3. Suppose 3*o - 26 + 20 = 0. Suppose x = s - d, 5*s - 2*x = o*x + 41. What is the units digit of s?
5
Let n = 1366 + 2608. What is the thousands digit of n?
3
Suppose 2*k + 15 = 11. Let v(r) = 4*r + 0*r + 1 - 6*r. What is the units digit of v(k)?
5
Let r = 7 + -4. Suppose -r*q + 75 = -0*q. Let w = 42 - q. What is the tens digit of w?
1
What is the hundreds digit of (-11898)/12*(20/(-12) - -1)?
6
Let h(d) = -d**2 - 4*d + 1. Let f be h(-4). Let i be (4*f)/((-6)/18). Let j = i - -34. What is the tens digit of j?
2
Suppose -2*v - 3373 = -r, 0 = 14*r - 17*r + v + 10094. What is the tens digit of r?
6
Let v(a) = -7*a - 15. Let c be v(19). Let k = -48 - c. What is the hundreds digit of k?
1
Let a = -17 - -21. Suppose 4*t = u - 34, 3 = -7*t + a*t. What is the tens digit of u?
3
Suppose 3*m = 2*m. Let v(j) = -j**3 + 17*j**2 - 25*j + 19. Let l be v(15). Suppose -2*k + 18 + l = m. What is the tens digit of k?
5
Let y(j) = -j**2 + 8*j - 15. Let k be y(7). Let n = -54 - -75. Let r = k + n. What is the units digit of r?
3
Let a(r) = r**2 - 8*r + 2. Let d(m) = 1. Let b(v) = -10*v**2 + 5. Let o(h) = -b(h) + 4*d(h). Let n be o(-1). What is the tens digit of a(n)?
1
Let r(z) = -z**3 + 0 + 2*z**2 + z + 2*z**3 + 1. Let d be r(-2). What is the tens digit of d/((2/(-28))/1)?
1
Let z(l) = -l**3 - 38*l**2 - 67*l - 60. What is the tens digit of z(-38)?
8
Let j be (-21)/7 - 143/1. Let u = -98 - j. What is the tens digit of u?
4
Suppose 5*u + 2*u = 21. Suppose y = u*h - 333, 0 = h - 6*h - 4*y + 555. What is the tens digit of h?
1
Let a(v) = -v**2 + 13*v + 10. Let m be a(10). Let c = 16 - m. Let p = c + 49. What is the tens digit of p?
2
Suppose -3*m + 20 = m. Let k(t) be the second derivative of t**4/6 - 2*t**3/3 - 5*t**2/2 + 2*t. What is the units digit of k(m)?
5
Suppose 3*n - 6 = 0, -12*n - 12 = 4*j - 10*n. What is the tens digit of 3/((-5)/j*72/4620)?
5
Suppose -5*p - 2*z + 18 = 0, 0 = 10*p - 8*p - z. Suppose 4*l = -p*f + 248, -13 = -f - l + 113. What is the units digit of f?
8
Suppose -4*y = -389 - 227. Let d = y - 11. Let u = -96 + d. What is the tens digit of u?
4
What is the units digit of 12/20 + (-1344)/(-35)?
9
Let a(x) = -8*x**2 - 24*x + 8. Let u(f) = -4*f**2 - 11*f + 4. Let k(i) = 2*a(i) - 5*u(i). What is the hundreds digit of k(-7)?
1
Let m = 51 + 16. Suppose -7*a - m = -662. What is the units digit of a?
5
Suppose 0*l = -3*l + 60. Suppose -3*f + 1 = -l. What is the units digit of 2285/35 + (-2)/f?
5
Suppose 2*t + 5 = -135. Let f be (-20)/t - (-166)/7. Suppose 0 = -4*v + f + 88. What is the tens digit of v?
2
Let u = -5 + 9. Let b(w) = w + 1. Let c be b(u). Suppose -3*n + 5*n = h - 15, -h + 24 = -c*n. What is the units digit of h?
9
Let f = 22 - 15. Suppose 3*t = f*t - 240. What is the units digit of t?
0
Let m(b) = -5*b**3 + b**2 + 2*b - 4. Let l be m(-3). Let t = l + -81. What is the units digit of t?
3
Let a(p) = -p**3 + 6*p**2 + 2*p + 2. Let q be (-2 - -1) + 12 - -3. Suppose y = 5*l - q - 7, 4*l = -2*y + 14. What is the units digit of a(l)?
2
What is the hundreds digit of 14 + 869 - 2/2?
8
What is the hundreds digit of 4438/98*12 + (-4)/(-7)?
5
Let f(w) = 4*w - 15. Let x(b) = 4*b - 14. Suppose -3*s - 6 = 6. Let n(y) = s*f(y) + 5*x(y). What is the units digit of n(7)?
8
Suppose r 